t common factor of 17556 and 3486462?
798
Calculate the greatest common divisor of 571261004 and 4.
4
What is the highest common factor of 677 and 412409444?
677
What is the highest common divisor of 3880650 and 1905?
15
What is the highest common factor of 170900 and 4?
4
What is the highest common factor of 1736 and 3883096?
56
Calculate the highest common divisor of 6185091 and 3795.
759
Calculate the greatest common divisor of 209 and 67639088.
209
What is the highest common factor of 207 and 59277969?
207
Calculate the highest common divisor of 160 and 1538520.
40
What is the greatest common divisor of 50 and 12152925?
25
Calculate the greatest common factor of 788562 and 24.
6
What is the highest common factor of 92560345 and 30?
5
What is the greatest common divisor of 9118025 and 350?
175
Calculate the greatest common factor of 120 and 27998340.
60
Calculate the greatest common divisor of 342 and 334470.
6
What is the highest common divisor of 21844 and 65188?
172
What is the highest common factor of 2272 and 241116?
284
What is the greatest common factor of 1540553952 and 42?
42
Calculate the highest common divisor of 8160 and 4920055.
85
What is the greatest common factor of 739197 and 828?
207
What is the greatest common divisor of 220356801 and 567?
189
Calculate the highest common factor of 11780713 and 7.
7
Calculate the highest common factor of 5214160 and 6608.
112
Calculate the greatest common factor of 4784 and 1324388.
52
What is the greatest common factor of 290782635 and 10230?
5115
What is the highest common divisor of 91276 and 13144?
4
Calculate the greatest common divisor of 326269 and 87176.
641
What is the greatest common factor of 52805230 and 85?
85
Calculate the highest common factor of 1111 and 772246.
101
Calculate the greatest common divisor of 253 and 1377431.
11
Calculate the highest common factor of 81406 and 571454.
806
Calculate the highest common factor of 41242496 and 2944.
2944
Calculate the highest common factor of 315 and 70595.
35
Calculate the highest common factor of 1514120 and 2840.
40
Calculate the greatest common divisor of 250 and 9304125.
125
What is the greatest common factor of 1042 and 17895829?
521
Calculate the greatest common divisor of 5 and 150170865.
5
What is the highest common divisor of 3089772 and 80400?
804
Calculate the highest common divisor of 1022976 and 11766.
222
Calculate the highest common divisor of 373748 and 52794.
838
Calculate the highest common factor of 1771 and 3467198273.
1771
Calculate the highest common divisor of 14113 and 20708903.
1283
Calculate the greatest common factor of 3961328 and 4972.
452
What is the greatest common divisor of 11585 and 44835?
35
Calculate the greatest common divisor of 1049 and 135910538.
1049
Calculate the greatest common factor of 107375 and 6465.
5
Calculate the greatest common divisor of 20924 and 296006597.
5231
What is the greatest common divisor of 339640 and 51080?
40
What is the highest common divisor of 3309626 and 2133?
79
Calculate the greatest common divisor of 11403 and 635024201.
1267
Calculate the highest common divisor of 270 and 66913755.
15
What is the highest common factor of 2048 and 21260160?
128
Calculate the highest common factor of 26753166 and 15048.
198
What is the greatest common factor of 234 and 7159302?
18
Calculate the highest common divisor of 1030 and 5468888.
206
What is the highest common divisor of 332901205 and 1820?
455
Calculate the highest common factor of 304 and 2180774096.
304
Calculate the highest common factor of 688 and 491051056.
688
Calculate the highest common divisor of 1609260 and 3.
3
Calculate the highest common factor of 3601745 and 1540.
35
Calculate the highest common factor of 486800610 and 1530.
510
What is the highest common factor of 28 and 842093?
7
What is the greatest common divisor of 4190 and 59960995?
2095
What is the greatest common divisor of 5 and 155446595?
5
Calculate the highest common factor of 402 and 189182540.
134
What is the highest common factor of 8997114 and 1806?
42
What is the greatest common factor of 100912969 and 21148?
5287
What is the highest common divisor of 2816 and 10576384?
256
Calculate the highest common divisor of 180 and 1591428.
12
Calculate the highest common divisor of 14193575 and 550.
275
Calculate the highest common divisor of 215789 and 2581.
29
Calculate the highest common divisor of 4221096 and 232.
8
What is the greatest common divisor of 3886800 and 1520?
80
What is the greatest common divisor of 16642 and 37312?
106
Calculate the greatest common divisor of 13714121 and 11501.
1643
Calculate the highest common factor of 107965424 and 112.
112
What is the greatest common divisor of 8525 and 59467375?
275
What is the greatest common divisor of 13948 and 146644834?
634
What is the greatest common factor of 629523864 and 2655?
531
Calculate the greatest common divisor of 18965038 and 2152.
538
What is the highest common divisor of 282394 and 1633828?
322
What is the greatest common divisor of 2247 and 81516131?
107
Calculate the greatest common factor of 310 and 24385840.
310
Calculate the greatest common factor of 4406250983 and 3763.
3763
Calculate the highest common factor of 248864680 and 265.
265
What is the highest common factor of 2649508 and 341?
31
Calculate the highest common factor of 26790096 and 1224.
408
What is the greatest common factor of 657594 and 14406?
42
What is the highest common factor of 31592985 and 60?
15
Calculate the highest common divisor of 659205546 and 474.
474
What is the highest common factor of 110 and 178718122?
22
What is the greatest common divisor of 584980 and 28446?
22
What is the greatest common factor of 585634 and 510881?
413
Calculate the highest common factor of 104 and 650885482.
26
Calculate the greatest common factor of 1956 and 236876.
4
What is the highest common factor of 2710485 and 102175?
335
What is the greatest common factor of 2885 and 2193754?
577
Calculate the greatest common divisor of 14261492 and 5264.
1316
Calculate the greatest common divisor of 318 and 354262388.
106
Calculate the greatest common factor of 11927180 and 1277.
1277
What is the greatest common factor of 40 and 13363340?
20
What is the greatest common divisor of 368 and 662327504?
368
What is the greatest common divisor of 1354243 and 6897?
11
What is the greatest common factor of 3468 and 146724?
12
Calculate the highest common divisor of 8515010 and 3090.
1030
Calculate the greatest common divisor of 140193846 and 143.
13
What is the greatest common factor of 3038 and 16430?
62
Calculate the highest common factor of 42 and 1941906.
6
Calculate the greatest common divisor of 5133 and 3741072.
177
Calculate the greatest common divisor of 2074 and 4443834.
34
Calculate the highest common factor of 5 and 34009445.
5
What is the greatest common factor of 9 and 103626?
9
What is the highest common factor of 104112 and 15796104?
5784
What is the greatest common divisor of 799 and 186751868?
799
What is the highest common factor of 18954 and 3939?
39
What is the greatest common factor of 18055 and 17935837?
3611
Calculate the greatest common factor of 193680 and 2240.
80
What is the greatest common divisor of 11845120 and 112?
112
What is the greatest common divisor of 515146 and 19648?
614
Calculate the highest common divisor of 22638 and 2089703.
539
What is the greatest common divisor of 274 and 312866?
2
Calculate the highest common divisor of 39475017 and 22797.
1341
What is the highest common divisor of 220676 and 22016?
172
What is the greatest common divisor of 18330066 and 2466?
18
Calculate the highest common divisor of 3125788 and 809639.
881
What is the greatest common factor of 3836 and 1255468?
548
What is the greatest common divisor of 595775 and 2725?
25
What is the greatest common factor of 7134918 and 25536?
798
What is the greatest common factor of 5369031 and 1247?
29
What is the greatest common factor of 16698 and 351417?
759
What is the highest common divisor of 570 and 33049440?
30
Calculate the highest common divisor of 2534924 and 553.
7
Calculate the greatest common factor of 2367 and 5998767.
789
Calculate the highest common divisor of 8913624 and 1136.
568
What is the greate